 of p?
2, 19
Suppose -554 = -o - 4*d, 6*o + 2*d + 2748 = 11*o. List the prime factors of o.
2, 5, 11
Suppose -6 - 4 = -5*b. Suppose -3*s = b*s + 75. Let d = s + 26. What are the prime factors of d?
11
Let m = 1160 + -736. Suppose -q = -4*s - 120, 3*s = -4*q + m + 94. List the prime factors of q.
2
Let a = -182 - -529. List the prime factors of a.
347
Let u = -19 + -79. Let g = u + 103. List the prime factors of g.
5
List the prime factors of -291*(-14)/12*2.
7, 97
Let d(i) = i**3 + 5*i**2 - 3. Let r be d(-5). Let n = 88 - r. What are the prime factors of n?
7, 13
Suppose 3*i - 10 = i. Suppose -5*k - 3*s = -780, k + i*s = -4*k + 780. Suppose -2*p - 2*p = -3*z - 122, -5*p + k = -2*z. List the prime factors of p.
2
Let q be 2/(-1)*(-1)/1. Suppose 5*m - 5 = x + 3*x, q*x = 0. List the prime factors of ((-12)/(-8))/(m/30).
3, 5
Let l(v) = -3*v**3 + 9*v**2 + 7*v + 15. What are the prime factors of l(-7)?
2, 359
What are the prime factors of (-4)/20*33100/(-10)?
2, 331
Suppose -434 = 13*z - 3437. What are the prime factors of z?
3, 7, 11
Suppose -636*m - 966 = -638*m. What are the prime factors of m?
3, 7, 23
Let x(n) = n**2 - 25*n + 26. Let q be x(22). Let o = q - -162. What are the prime factors of o?
2, 61
Suppose -3*b - 36 = -0*b. Let u(m) = -m**2 - 19*m - 9. Let d be u(b). Let h = d + -22. List the prime factors of h.
53
Suppose 5*d = -v + 21, -d - 2*v + 13 = -4*v. Let h be 22*1 + -3 + 1. Suppose -10*n + h = -d*n. List the prime factors of n.
2
Let a be ((-10)/5)/(-1)*1. Suppose -4*u - 5*q + 125 = 0, -a*q - 117 = -4*u + q. List the prime factors of u.
2, 3, 5
Let d(c) = -91*c + 1. Let i be d(-5). Suppose i = -5*o - 319. List the prime factors of (-3)/4 - o/4.
2, 19
Let c be (2 + -3)*(1 + -1). Suppose c = 5*f - 5*y + 275, -6*y = 2*f - 5*y + 116. Let i = f + 83. List the prime factors of i.
2, 13
List the prime factors of 802*1*55/110.
401
Let o(s) = -8*s**3 - 6*s**2 - 2*s - 7. Let j(x) = 4*x**3 + 3*x**2 + x + 3. Let y(l) = 13*j(l) + 6*o(l). List the prime factors of y(2).
43
Let z(j) = -j**2 + 4*j - 6. Suppose 5 + 11 = 4*d. Let n be z(d). Let s = n + 19. What are the prime factors of s?
13
Let a = -913 - -1345. List the prime factors of 1/(4/a*2).
2, 3
Let f be -3 + (62 - 3/(-3)). Suppose -3*t + 0*g + 34 = 2*g, -4*g - 20 = -5*t. What are the prime factors of ((-36)/(-10))/(t/f)?
3
Suppose 13*d + 9262 + 410 = 0. Suppose -3*j + 30 = -0*j. List the prime factors of (-4)/j - d/10.
2, 37
Let f(t) = 393*t + 4. Let k be f(1). Suppose -9*p + 1378 = k. List the prime factors of p.
109
Suppose 648 = 2*j + 4*b, -4*j - 6*b = -b - 1290. Suppose -t + j = 3*t. What are the prime factors of t?
2, 5
List the prime factors of -2 + 12/2 + 54.
2, 29
Suppose -v + 2*s = -284, 4*s = 9*v - 6*v - 850. List the prime factors of v.
2, 3, 47
Suppose 0 = -3*w - 3, 0 = s - 10*w + 6*w - 269. List the prime factors of s.
5, 53
What are the prime factors of (67368/32 - -2) + (-1)/4?
7, 43
Suppose 14 = -4*s + 2*y, -s + 2*y - 8 = 2*s. Let g be 18/(-12)*20/s. Suppose 4*v + 12 = 3*q, -13 = -5*q - g*v + 7. List the prime factors of q.
2
What are the prime factors of 271 - ((-3)/(-5) + 403/(-155))?
3, 7, 13
Let z = 117 + -84. Suppose -36 = -k + z. What are the prime factors of k?
3, 23
Let r be (-338)/(-4) + (-2)/(-4). Let c be (r/(-34))/((-5)/4). Suppose -p + 40 = c*n + p, 4*n - 5*p = 53. What are the prime factors of n?
17
Let l(y) = -18*y**3 - 16*y - 36. List the prime factors of l(-4).
2, 5, 59
Let y(r) = -18*r - 6. Let j be y(-3). Suppose m - j = -m - u, 0 = u. What are the prime factors of m?
2, 3
Suppose -10*z = 4*l - 14*z + 12, 3*z = l + 9. List the prime factors of (5 - l)/(-3*(-5)/885).
5, 59
Suppose 2*o = -j + 1, 5*o = -3*j + 7 - 4. Suppose o = q - 0*q + b - 64, 3*q - 186 = -5*b. List the prime factors of q.
67
Let c be -3 + 4 + -1 + 0. Suppose -8*y + 4*y + 312 = c. What are the prime factors of y?
2, 3, 13
Suppose -f = -6*f - 50. Let v = f - -36. Suppose -v = 3*k - 5*k. List the prime factors of k.
13
Suppose 3*o + 1938 = 5*g, 4*g + 3*o = -g + 1932. What are the prime factors of g?
3, 43
Let k be 0/(6/(-3)) + 2. Suppose 0 = k*g + 2*g - 12. Suppose -b + 0*b + g = 0. What are the prime factors of b?
3
Let a(m) = 1 + 5 - 2*m + 0*m - 3*m. Let s = 4 + -7. What are the prime factors of a(s)?
3, 7
Let o(b) = 7*b**2 + 7*b - 14. Let a be o(4). Suppose 3*w - 2*p = -1 + 92, -4*w + 5*p + a = 0. What are the prime factors of w?
29
Let r(g) = -g + 1. Let m(u) = u. Let h(j) = 5*m(j) + 4*r(j). Suppose d = -5*d. List the prime factors of h(d).
2
Let i be -1698*((-3)/(-9))/(0 + -1). Suppose 43 = 4*m + 5*g - 432, 3*g + i = 5*m. List the prime factors of m.
5, 23
Let w(k) = 28*k**2 + 20*k - 126. What are the prime factors of w(5)?
2, 337
List the prime factors of (-22809)/(-45) + 1 + 26/(-30).
3, 13
Let n = 933 - -79. What are the prime factors of n?
2, 11, 23
Let h = -1073 - -1606. What are the prime factors of h?
13, 41
Suppose -6*o + 10*o - 464 = 0. Suppose 0 = 3*n - 208 - o. List the prime factors of n.
2, 3
Suppose -4*s + s + 5*b + 2002 = 0, -1982 = -3*s - 5*b. Suppose -3*p = -2*j - s, -5*p + 888 = -p - 2*j. List the prime factors of 48/80 - p/(-10).
23
Suppose 5*w = -3*v + 265, 5*v - 3*w - 206 = 247. What are the prime factors of v?
2, 3, 5
Let r(z) be the second derivative of -z**6/360 + z**5/12 + 7*z**4/24 + z**3/6 + 7*z. Let y(i) be the second derivative of r(i). List the prime factors of y(9).
2
Suppose 2*i = -i + 318. Let u = 72 - i. Let j = u + 82. What are the prime factors of j?
2, 3
Let c(k) be the second derivative of -k**3 - 4*k**2 + 53*k. Let u be (1 + 6)*12/(-14). List the prime factors of c(u).
2, 7
Suppose 5*v + v = 10182. List the prime factors of v.
1697
Suppose 6*y - 7884 = -3*y. What are the prime factors of y?
2, 3, 73
Let a = -1085 - -2395. List the prime factors of a.
2, 5, 131
Let z(p) = -36*p - 3. Let g be z(-4). Suppose 3*q - 87 = g. List the prime factors of q.
2, 19
What are the prime factors of (-8)/(-28) + 1962/42?
47
Let d be (-2100)/(-27) - 4/(-18). Suppose 5*z + 109 = 4*k - 0*z, 3*k - 3*z = d. Let p = 5 + k. List the prime factors of p.
2, 13
Suppose -2*y + 5*g + 11 = -4*y, -5*g - 17 = -y. List the prime factors of (-1)/((y*(-2)/22)/28).
2, 7, 11
Let i(v) = 86*v + 7. Let t be i(2). Let q = 282 - t. List the prime factors of q.
103
Suppose -4 = -2*k - 2. Suppose -2*z - 4 - k = h, 5*z = -5*h. Suppose h*b = l - 0*b - 57, 2*b + 45 = l. List the prime factors of l.
37
Let b = 113 + -130. Let y(q) = q**3 + 17*q**2 - 13*q + 38. List the prime factors of y(b).
7, 37
Let o be -1 - 4*(2 + -3). Suppose 9 = -o*u + 6*u. List the prime factors of u + -9 + 3 + 19.
2
Let y = -18 - -27. Suppose -y*g = -13*g + 20. Suppose 0 = g*v - 37 - 188. What are the prime factors of v?
3, 5
Let l(w) be the first derivative of 2*w**3/3 + 17*w + 7. What are the prime factors of l(6)?
89
Suppose 0 = 11*w - 2921 + 435. What are the prime factors of w?
2, 113
Let c(g) = 1924*g**2 + 5*g - 3. List the prime factors of c(-1).
2, 479
Let y be (-12)/(-8)*((-22)/6 + 3). Let w = y + 16. List the prime factors of w.
3, 5
Let n = -71 + 339. List the prime factors of n.
2, 67
Suppose 27458 = 10*b + 1758. List the prime factors of b.
2, 5, 257
Let k = 9475 - 6458. What are the prime factors of k?
7, 431
Let b be (12/9)/((-2)/6). Let f be (0 - -1)/(b/(-8)). Suppose -f*x - 58 = -4*l, l + 5*x - 9 = -0*x. What are the prime factors of l?
2, 7
Let b(i) = 4*i**2 - i - 24. Let p be b(6). Suppose 13*r - 1882 + p = 0. What are the prime factors of r?
2, 17
Suppose 0 = 3*x - 6, 3*x - 546 = -2*v + 5*x. List the prime factors of v.
5, 11
Let b(w) be the third derivative of 1/30*w**5 - 1/6*w**3 + 0 + 1/120*w**6 - 1/12*w**4 - w**2 + 0*w. What are the prime factors of b(-2)?
3
Let m(w) = -93*w**2 + w - 3. Let j be m(2). Let l = j - -536. What are the prime factors of l?
163
Suppose -2*s = -2, t + 2*s + 13 = -0. What are the prime factors of 6/15 - 264/t?
2, 3
Let k = -739 - -1106. List the prime factors of k.
367
Let s be (-105)/(-14)*28/3. Let p be 23/7 + 20/(-70). Suppose n = -n - 4*a + s, p*a = -n + 33. List the prime factors of n.
3, 13
Let v be (-2)/(-2)*-1*-6. Suppose 2*g - 5*q = -v, -2 = g - q + 1. Let y(x) = 4*x**2 + x + 2. List the prime factors of y(g).
5, 7
Let i = 18 + -14. Suppose -m - 3 = -4*t + 2